inder when 31101 is divided by 8730.
4911
Calculate the remainder when 52716 is divided by 1533.
594
What is the remainder when 669859 is divided by 94?
15
What is the remainder when 62928153 is divided by 3312007?
20
What is the remainder when 22039422 is divided by 324109?
10
What is the remainder when 39708 is divided by 6583?
210
Calculate the remainder when 262658 is divided by 35.
18
What is the remainder when 1256146 is divided by 44?
34
Calculate the remainder when 229940 is divided by 548.
328
What is the remainder when 518487 is divided by 3030?
357
What is the remainder when 1077801 is divided by 179550?
501
Calculate the remainder when 401846 is divided by 401839.
7
Calculate the remainder when 341234 is divided by 4917.
1961
Calculate the remainder when 31884189 is divided by 24.
21
Calculate the remainder when 8794 is divided by 158.
104
Calculate the remainder when 131401 is divided by 816.
25
Calculate the remainder when 7063615 is divided by 1765876.
111
What is the remainder when 384463 is divided by 42?
37
What is the remainder when 648895 is divided by 17?
5
Calculate the remainder when 85522 is divided by 4815.
3667
Calculate the remainder when 1038617137 is divided by 44.
41
What is the remainder when 744014 is divided by 74401?
4
What is the remainder when 41102 is divided by 13468?
698
What is the remainder when 651994 is divided by 130385?
69
What is the remainder when 1240705 is divided by 72?
1
Calculate the remainder when 6711 is divided by 3046.
619
What is the remainder when 374956 is divided by 5679?
142
Calculate the remainder when 14695703 is divided by 141.
119
What is the remainder when 14445813 is divided by 401?
189
Calculate the remainder when 12798371 is divided by 97.
94
What is the remainder when 20425198 is divided by 2?
0
What is the remainder when 501474 is divided by 125328?
162
What is the remainder when 32264476 is divided by 889?
888
Calculate the remainder when 94095 is divided by 11578.
1471
Calculate the remainder when 4507088 is divided by 1117.
1110
Calculate the remainder when 7077782 is divided by 307.
204
What is the remainder when 3411407 is divided by 2982?
2981
What is the remainder when 87821621 is divided by 2661261?
8
Calculate the remainder when 3294522 is divided by 387.
378
Calculate the remainder when 2826471 is divided by 389.
386
What is the remainder when 171043 is divided by 29?
1
Calculate the remainder when 7285859 is divided by 1040836.
7
What is the remainder when 88785935 is divided by 20?
15
What is the remainder when 98773750 is divided by 40934?
8
Calculate the remainder when 28433112 is divided by 4061872.
8
Calculate the remainder when 1594968 is divided by 11555.
378
What is the remainder when 17222628 is divided by 46?
44
What is the remainder when 2624492 is divided by 67294?
26
What is the remainder when 29200667 is divided by 13267?
0
What is the remainder when 5287732 is divided by 454?
448
Calculate the remainder when 1928907 is divided by 321392.
555
Calculate the remainder when 8668831 is divided by 22.
17
Calculate the remainder when 102493770 is divided by 3.
0
What is the remainder when 1006644 is divided by 9?
3
Calculate the remainder when 877417 is divided by 38148.
13
What is the remainder when 1904054 is divided by 2720?
54
What is the remainder when 14540 is divided by 4815?
95
What is the remainder when 988607 is divided by 322?
67
Calculate the remainder when 9675142 is divided by 2328.
2302
What is the remainder when 675181 is divided by 9?
1
Calculate the remainder when 241370983 is divided by 332.
11
What is the remainder when 2252307 is divided by 48963?
9
What is the remainder when 5723638 is divided by 234?
232
What is the remainder when 2245143 is divided by 1203?
345
What is the remainder when 33230953 is divided by 314?
19
Calculate the remainder when 4049198 is divided by 19751.
243
What is the remainder when 628128 is divided by 314045?
38
Calculate the remainder when 1068749 is divided by 38154.
437
Calculate the remainder when 7001202 is divided by 1252.
18
What is the remainder when 4108604 is divided by 252?
248
What is the remainder when 15135084 is divided by 29162?
6
What is the remainder when 4651 is divided by 3694?
957
Calculate the remainder when 530726 is divided by 215.
106
Calculate the remainder when 26559 is divided by 12720.
1119
Calculate the remainder when 1228865 is divided by 524.
85
What is the remainder when 937619 is divided by 771?
83
What is the remainder when 53589 is divided by 1151?
643
Calculate the remainder when 4919078 is divided by 55.
43
Calculate the remainder when 98199918 is divided by 317799.
27
What is the remainder when 869734 is divided by 21213?
1
Calculate the remainder when 5140044 is divided by 1544.
68
What is the remainder when 1179989 is divided by 806?
5
What is the remainder when 630218 is divided by 717?
692
What is the remainder when 3722310 is divided by 144?
54
What is the remainder when 100857259 is divided by 868?
867
Calculate the remainder when 24804 is divided by 2319.
1614
Calculate the remainder when 19010903 is divided by 12.
11
What is the remainder when 223044 is divided by 55595?
664
Calculate the remainder when 887027 is divided by 4184.
19
What is the remainder when 81019 is divided by 26996?
31
Calculate the remainder when 268175 is divided by 507.
479
What is the remainder when 450700 is divided by 949?
874
What is the remainder when 69016756 is divided by 9583?
9573
What is the remainder when 96856889 is divided by 93?
86
Calculate the remainder when 3291419 is divided by 18.
11
What is the remainder when 815331 is divided by 68?
11
Calculate the remainder when 2602483 is divided by 2729.
1746
What is the remainder when 1518746 is divided by 2797?
2772
What is the remainder when 1100026 is divided by 366496?
538
What is the remainder when 34807609 is divided by 29?
11
Calculate the remainder when 161244 is divided by 3271.
965
Calculate the remainder when 1500973 is divided by 155.
108
What is the remainder when 89197 is divided by 1208?
1013
Calculate the remainder when 25784781 is divided by 105244.
1
Calculate the remainder when 10392043 is divided by 6905.
18
Calculate the remainder when 164799248 is divided by 250.
248
Calculate the remainder when 215521 is divided by 58.
51
Calculate the remainder when 18826889 is divided by 5.
4
Calculate the remainder when 7450 is divided by 7189.
261
Calculate the remainder when 703460 is divided by 65.
30
Calculate the remainder when 881933 is divided by 750.
683
What is the remainder when 212748 is divided by 175?
123
What is the remainder when 13986173 is divided by 35?
33
Calculate the remainder when 136810 is divided by 521.
308
Calculate the remainder when 60190 is divided by 878.
486
Calculate the remainder when 25264 is divided by 2962.
1568
What is the remainder when 509495 is divided by 2392?
2391
Calculate the remainder when 218387 is divided by 31031.
1170
Calculate the remainder when 1103192 is divided by 7931.
783
Calculate the remainder when 5876728 is divided by 62.
58
Calculate the remainder when 6653567 is divided by 24.
23
Calculate the remainder when 2225482 is divided by 3372.
3334
Calculate the remainder when 19594838 is divided by 1390.
8
Calculate the remainder when 8836478 is divided by 6.
2
What is the remainder when 10085707 is divided by 280158?
19
Calculate the remainder when 18851716 is divided by 16.
4
Calculate the remainder when 17843 is divided by 5305.
1928
What is the remainder when 1747658 is divided by 1727?
1661
What is the remainder when 135462 is divided by 2023?
1944
Calculate the remainder when 920903 is divided by 20019.
29
What is the remainder when 722609 is divided by 144509?
64
What is the remainder when 28367834 is divided by 9455916?
86
What is the remainder when 2196880 is divided by 2327?
192
What is the remainder when 28019294 is divided by 138709?
76
Calculate the remainder when 3696319 is divided by 4475.
4444
Calculate the remainder when 265 is divided by 159.
106
What is the remainder when 29234 is divided by 48?
2
Calculate the remainder when 186541 is divided by 62069.
334
Calculate the remainder when 81937543 is divided by 8193753.
13
Calculate the remainder 